{"id":5935,"date":"2022-08-24T17:57:31","date_gmt":"2022-08-24T20:57:31","guid":{"rendered":"https:\/\/institutoargonauta.org\/new\/?page_id=5935"},"modified":"2025-10-09T08:16:26","modified_gmt":"2025-10-09T11:16:26","slug":"seja-um-argonauta","status":"publish","type":"page","link":"https:\/\/institutoargonauta.org\/new\/seja-um-argonauta\/","title":{"rendered":"Seja um Argonauta"},"content":{"rendered":"\n<div class=\"wp-block-columns is-layout-flex wp-container-core-columns-is-layout-9d6595d7 wp-block-columns-is-layout-flex\">\n<div class=\"wp-block-column itemdoardesk is-layout-flow wp-block-column-is-layout-flow\">\n<h3 class=\"wp-block-heading\"><a href=\"https:\/\/institutoargonauta.org\/new\/loja\">Adquira produtos de nossa loja<\/a><\/h3>\n\n\n\n<p><a href=\"https:\/\/institutoargonauta.org\/new\/loja\">Na Loja do Instituto Argonauta, localizada no Museu da Vida Marinha, voc\u00ea pode adquirir diversas op\u00e7\u00f5es de produtos confeccionados em materiais sustent\u00e1veis. <strong>Conhe\u00e7a algumas op\u00e7\u00f5es<\/strong>. Voc\u00ea tamb\u00e9m pode realizar sua compra atrav\u00e9s do Whatsapp.<\/a><\/p>\n<\/div>\n<\/div>\n\n\n\n<div class=\"wp-block-columns is-layout-flex wp-container-core-columns-is-layout-9d6595d7 wp-block-columns-is-layout-flex\">\n<div class=\"wp-block-column is-layout-flow wp-block-column-is-layout-flow\">\n<div class=\"wp-block-group itemdoar\"><div class=\"wp-block-group__inner-container is-layout-flow wp-block-group-is-layout-flow\">\n<h3 class=\"wp-block-heading\"><a href=\"https:\/\/institutoargonauta.org\/new\/eventos\/\">Eventos<\/a><\/h3>\n\n\n\n<p><a href=\"https:\/\/institutoargonauta.org\/new\/eventos\/\">Fique atento a nossa agenda de eventos divulgada em nossas redes sociais e participe!<\/a><\/p>\n<\/div><\/div>\n<\/div>\n\n\n\n<div class=\"wp-block-column is-layout-flow wp-block-column-is-layout-flow\">\n<div class=\"wp-block-group itemdoar\"><div class=\"wp-block-group__inner-container is-layout-flow wp-block-group-is-layout-flow\">\n<h3 class=\"wp-block-heading\"><a href=\"https:\/\/institutoargonauta.org\/new\/sos-animais-marinhos\/\">SOS Animais Marinhos<\/a><\/h3>\n\n\n\n<p><a href=\"https:\/\/institutoargonauta.org\/new\/sos-animais-marinhos\/\">Veja\u00a0<strong><u>aqui<\/u><\/strong>\u00a0o que fazer quando encontrar um animal marinho debilitado.<\/a><\/p>\n\n\n\n<p><\/p>\n<\/div><\/div>\n<\/div>\n<\/div>\n\n\n\n<div class=\"wp-block-columns is-layout-flex wp-container-core-columns-is-layout-9d6595d7 wp-block-columns-is-layout-flex\">\n<div class=\"wp-block-column is-layout-flow wp-block-column-is-layout-flow\">\n<div class=\"wp-block-group itemdoar\"><div class=\"wp-block-group__inner-container is-layout-flow wp-block-group-is-layout-flow\">\n<h3 class=\"wp-block-heading\"><a href=\"https:\/\/institutoargonauta.org\/new\/projetos\/museu-da-vida-marinha\/\">Visite o Museu<\/a><\/h3>\n\n\n\n<p><a href=\"https:\/\/institutoargonauta.org\/new\/projetos\/museu-da-vida-marinha\/\">Visite o&nbsp;<strong><u>Museu da Vida Marinha<\/u><\/strong>&nbsp;e conhe\u00e7a mais sobre a evolu\u00e7\u00e3o das esp\u00e9cies marinhas, a biodiversidade e as atividades realizadas pelo Instituto Argonauta.<\/a><\/p>\n<\/div><\/div>\n<\/div>\n\n\n\n<div class=\"wp-block-column is-layout-flow wp-block-column-is-layout-flow\">\n<div class=\"wp-block-group itemdoar\"><div class=\"wp-block-group__inner-container is-layout-flow wp-block-group-is-layout-flow\">\n<h3 class=\"wp-block-heading\"><a href=\"https:\/\/institutoargonauta.org\/new\/programa-de-estagio\/\">Voluntariado<\/a><\/h3>\n\n\n\n<p><a href=\"https:\/\/institutoargonauta.org\/new\/programa-de-estagio\/\">Estudantes de \u00e1reas afins podem se inscrever no Programa de Est\u00e1gio clicando aqui.<\/a><\/p>\n\n\n\n<p><a href=\"https:\/\/institutoargonauta.org\/new\/programa-de-estagio\/\">Para pessoas formadas ou de outras \u00e1reas, entre em contato para ser um Volunt\u00e1rio clicando aqui.<\/a><\/p>\n\n\n\n<p>&nbsp;<\/p>\n<\/div><\/div>\n<\/div>\n<\/div>\n\n\n\n<div class=\"wp-block-columns is-layout-flex wp-container-core-columns-is-layout-9d6595d7 wp-block-columns-is-layout-flex\">\n<div class=\"wp-block-column is-layout-flow wp-block-column-is-layout-flow\">\n<div class=\"wp-block-group itemdoar\"><div class=\"wp-block-group__inner-container is-layout-flow wp-block-group-is-layout-flow\">\n<h3 class=\"wp-block-heading\"><a href=\"https:\/\/institutoargonauta.org\/new\/participe\/\">Apoio e Patroc\u00ednio<\/a><\/h3>\n\n\n\n<p><a href=\"https:\/\/institutoargonauta.org\/new\/participe\/\">Voc\u00ea pode contribuir com os projetos e a\u00e7\u00f5es desenvolvidas pelo Instituto Argonauta oferecendo recursos diretos a cada um deles. <strong>Seja um apoiador<\/strong> da conserva\u00e7\u00e3o marinha!<\/a><\/p>\n<\/div><\/div>\n<\/div>\n\n\n\n<div class=\"wp-block-column is-layout-flow wp-block-column-is-layout-flow\">\n<div class=\"wp-block-group itemdoar\"><div class=\"wp-block-group__inner-container is-layout-flow wp-block-group-is-layout-flow\">\n<h3 class=\"wp-block-heading\"><a href=\"https:\/\/institutoargonauta.org\/new\/trabalhe-conosco\/\">Trabalhe conosco<\/a><\/h3>\n\n\n\n<p><a href=\"https:\/\/institutoargonauta.org\/new\/trabalhe-conosco\/\">Confira aqui as vagas abertas para trabalhar no Instituto Argonauta.<\/a><\/p>\n<\/div><\/div>\n<\/div>\n<\/div>\n","protected":false},"excerpt":{"rendered":"<p>Adquira produtos de nossa loja<\/p>\n<p>Na Loja do Instituto Argonauta, localizada no Museu da Vida Marinha, voc\u00ea pode adquirir diversas op\u00e7\u00f5es &#8230;<\/p>\n","protected":false},"author":1,"featured_media":0,"parent":0,"menu_order":0,"comment_status":"closed","ping_status":"closed","template":"","meta":{"_acf_changed":false,"footnotes":""},"class_list":["post-5935","page","type-page","status-publish","hentry"],"acf":[],"yoast_head":"<!-- This site is optimized with the Yoast SEO plugin v22.8 - https:\/\/yoast.com\/wordpress\/plugins\/seo\/ -->\n<title>Seja um Argonauta - Instituto Argonauta<\/title>\n<meta name=\"robots\" content=\"index, follow, max-snippet:-1, max-image-preview:large, max-video-preview:-1\" \/>\n<link rel=\"canonical\" href=\"https:\/\/institutoargonauta.org\/new\/seja-um-argonauta\/\" \/>\n<meta property=\"og:locale\" content=\"pt_BR\" \/>\n<meta property=\"og:type\" content=\"article\" \/>\n<meta property=\"og:title\" content=\"Seja um Argonauta - Instituto Argonauta\" \/>\n<meta property=\"og:description\" content=\"Adquira produtos de nossa loja  Na Loja do Instituto Argonauta, localizada no Museu da Vida Marinha, voc\u00ea pode adquirir diversas op\u00e7\u00f5es ...\" \/>\n<meta property=\"og:url\" content=\"https:\/\/institutoargonauta.org\/new\/seja-um-argonauta\/\" \/>\n<meta property=\"og:site_name\" content=\"Instituto Argonauta\" \/>\n<meta property=\"article:publisher\" content=\"https:\/\/facebook.com\/InstitutoArgonauta\" \/>\n<meta property=\"article:modified_time\" content=\"2025-10-09T11:16:26+00:00\" \/>\n<meta property=\"og:image\" content=\"https:\/\/institutoargonauta.org\/new\/wp-content\/uploads\/2023\/01\/logo-argonauta-OK2022-e1674472323190.png\" \/>\n\t<meta property=\"og:image:width\" content=\"250\" \/>\n\t<meta property=\"og:image:height\" content=\"249\" \/>\n\t<meta property=\"og:image:type\" content=\"image\/png\" \/>\n<meta name=\"twitter:card\" content=\"summary_large_image\" \/>\n<meta name=\"twitter:label1\" content=\"Est. tempo de leitura\" \/>\n\t<meta name=\"twitter:data1\" content=\"1 minuto\" \/>\n<script type=\"application\/ld+json\" class=\"yoast-schema-graph\">{\"@context\":\"https:\/\/schema.org\",\"@graph\":[{\"@type\":\"WebPage\",\"@id\":\"https:\/\/institutoargonauta.org\/new\/seja-um-argonauta\/\",\"url\":\"https:\/\/institutoargonauta.org\/new\/seja-um-argonauta\/\",\"name\":\"Seja um Argonauta - Instituto Argonauta\",\"isPartOf\":{\"@id\":\"https:\/\/institutoargonauta.org\/new\/#website\"},\"datePublished\":\"2022-08-24T20:57:31+00:00\",\"dateModified\":\"2025-10-09T11:16:26+00:00\",\"inLanguage\":\"pt-BR\",\"potentialAction\":[{\"@type\":\"ReadAction\",\"target\":[\"https:\/\/institutoargonauta.org\/new\/seja-um-argonauta\/\"]}]},{\"@type\":\"WebSite\",\"@id\":\"https:\/\/institutoargonauta.org\/new\/#website\",\"url\":\"https:\/\/institutoargonauta.org\/new\/\",\"name\":\"Instituto Argonauta\",\"description\":\"Ubatuba-SP\",\"publisher\":{\"@id\":\"https:\/\/institutoargonauta.org\/new\/#organization\"},\"alternateName\":\"Argonauta\",\"potentialAction\":[{\"@type\":\"SearchAction\",\"target\":{\"@type\":\"EntryPoint\",\"urlTemplate\":\"https:\/\/institutoargonauta.org\/new\/?s={search_term_string}\"},\"query-input\":\"required name=search_term_string\"}],\"inLanguage\":\"pt-BR\"},{\"@type\":\"Organization\",\"@id\":\"https:\/\/institutoargonauta.org\/new\/#organization\",\"name\":\"Instituto Argonauta\",\"alternateName\":\"Argonauta\",\"url\":\"https:\/\/institutoargonauta.org\/new\/\",\"logo\":{\"@type\":\"ImageObject\",\"inLanguage\":\"pt-BR\",\"@id\":\"https:\/\/institutoargonauta.org\/new\/#\/schema\/logo\/image\/\",\"url\":\"https:\/\/institutoargonauta.org\/new\/wp-content\/uploads\/2023\/01\/logo-argonauta-OK2022-e1674472323190.png\",\"contentUrl\":\"https:\/\/institutoargonauta.org\/new\/wp-content\/uploads\/2023\/01\/logo-argonauta-OK2022-e1674472323190.png\",\"width\":250,\"height\":249,\"caption\":\"Instituto Argonauta\"},\"image\":{\"@id\":\"https:\/\/institutoargonauta.org\/new\/#\/schema\/logo\/image\/\"},\"sameAs\":[\"https:\/\/facebook.com\/InstitutoArgonauta\",\"https:\/\/instagram.com\/InstitutoArgonauta\",\"https:\/\/www.youtube.com\/c\/InstitutoArgonauta\"]}]}<\/script>\n<!-- \/ Yoast SEO plugin. -->","yoast_head_json":{"title":"Seja um Argonauta - Instituto Argonauta","robots":{"index":"index","follow":"follow","max-snippet":"max-snippet:-1","max-image-preview":"max-image-preview:large","max-video-preview":"max-video-preview:-1"},"canonical":"https:\/\/institutoargonauta.org\/new\/seja-um-argonauta\/","og_locale":"pt_BR","og_type":"article","og_title":"Seja um Argonauta - Instituto Argonauta","og_description":"Adquira produtos de nossa loja  Na Loja do Instituto Argonauta, localizada no Museu da Vida Marinha, voc\u00ea pode adquirir diversas op\u00e7\u00f5es ...","og_url":"https:\/\/institutoargonauta.org\/new\/seja-um-argonauta\/","og_site_name":"Instituto Argonauta","article_publisher":"https:\/\/facebook.com\/InstitutoArgonauta","article_modified_time":"2025-10-09T11:16:26+00:00","og_image":[{"width":250,"height":249,"url":"https:\/\/institutoargonauta.org\/new\/wp-content\/uploads\/2023\/01\/logo-argonauta-OK2022-e1674472323190.png","type":"image\/png"}],"twitter_card":"summary_large_image","twitter_misc":{"Est. tempo de leitura":"1 minuto"},"schema":{"@context":"https:\/\/schema.org","@graph":[{"@type":"WebPage","@id":"https:\/\/institutoargonauta.org\/new\/seja-um-argonauta\/","url":"https:\/\/institutoargonauta.org\/new\/seja-um-argonauta\/","name":"Seja um Argonauta - Instituto Argonauta","isPartOf":{"@id":"https:\/\/institutoargonauta.org\/new\/#website"},"datePublished":"2022-08-24T20:57:31+00:00","dateModified":"2025-10-09T11:16:26+00:00","inLanguage":"pt-BR","potentialAction":[{"@type":"ReadAction","target":["https:\/\/institutoargonauta.org\/new\/seja-um-argonauta\/"]}]},{"@type":"WebSite","@id":"https:\/\/institutoargonauta.org\/new\/#website","url":"https:\/\/institutoargonauta.org\/new\/","name":"Instituto Argonauta","description":"Ubatuba-SP","publisher":{"@id":"https:\/\/institutoargonauta.org\/new\/#organization"},"alternateName":"Argonauta","potentialAction":[{"@type":"SearchAction","target":{"@type":"EntryPoint","urlTemplate":"https:\/\/institutoargonauta.org\/new\/?s={search_term_string}"},"query-input":"required name=search_term_string"}],"inLanguage":"pt-BR"},{"@type":"Organization","@id":"https:\/\/institutoargonauta.org\/new\/#organization","name":"Instituto Argonauta","alternateName":"Argonauta","url":"https:\/\/institutoargonauta.org\/new\/","logo":{"@type":"ImageObject","inLanguage":"pt-BR","@id":"https:\/\/institutoargonauta.org\/new\/#\/schema\/logo\/image\/","url":"https:\/\/institutoargonauta.org\/new\/wp-content\/uploads\/2023\/01\/logo-argonauta-OK2022-e1674472323190.png","contentUrl":"https:\/\/institutoargonauta.org\/new\/wp-content\/uploads\/2023\/01\/logo-argonauta-OK2022-e1674472323190.png","width":250,"height":249,"caption":"Instituto Argonauta"},"image":{"@id":"https:\/\/institutoargonauta.org\/new\/#\/schema\/logo\/image\/"},"sameAs":["https:\/\/facebook.com\/InstitutoArgonauta","https:\/\/instagram.com\/InstitutoArgonauta","https:\/\/www.youtube.com\/c\/InstitutoArgonauta"]}]}},"_links":{"self":[{"href":"https:\/\/institutoargonauta.org\/new\/wp-json\/wp\/v2\/pages\/5935","targetHints":{"allow":["GET"]}}],"collection":[{"href":"https:\/\/institutoargonauta.org\/new\/wp-json\/wp\/v2\/pages"}],"about":[{"href":"https:\/\/institutoargonauta.org\/new\/wp-json\/wp\/v2\/types\/page"}],"author":[{"embeddable":true,"href":"https:\/\/institutoargonauta.org\/new\/wp-json\/wp\/v2\/users\/1"}],"replies":[{"embeddable":true,"href":"https:\/\/institutoargonauta.org\/new\/wp-json\/wp\/v2\/comments?post=5935"}],"version-history":[{"count":38,"href":"https:\/\/institutoargonauta.org\/new\/wp-json\/wp\/v2\/pages\/5935\/revisions"}],"predecessor-version":[{"id":7546,"href":"https:\/\/institutoargonauta.org\/new\/wp-json\/wp\/v2\/pages\/5935\/revisions\/7546"}],"wp:attachment":[{"href":"https:\/\/institutoargonauta.org\/new\/wp-json\/wp\/v2\/media?parent=5935"}],"curies":[{"name":"wp","href":"https:\/\/api.w.org\/{rel}","templated":true}]}}